22105723?
False
Is 540 a factor of 13176829?
False
Is 108446637 a multiple of 80?
False
Is 1475930502 a multiple of 341?
False
Does 21 divide 219822435?
True
Is 26 a factor of 58064422?
True
Is 78345197 a multiple of 571?
True
Does 25 divide 408943950?
True
Does 392 divide 37632?
True
Is 15 a factor of 62229270?
True
Is 25 a factor of 25834175?
True
Is 44833920 a multiple of 18?
False
Is 1497 a factor of 92866446?
False
Does 303 divide 1459109832?
True
Is 5163022986 a multiple of 1419?
True
Is 10465543 a multiple of 6?
False
Is 13474614 a multiple of 159?
True
Is 7 a factor of 5702308?
False
Is 70 a factor of 7360438?
False
Is 117 a factor of 12926715?
False
Is 213 a factor of 9725911?
False
Is 46537037 a multiple of 14?
False
Is 8 a factor of 60190288?
True
Is 339831192 a multiple of 24?
True
Is 74951101 a multiple of 20?
False
Is 1581 a factor of 796824?
True
Is 92 a factor of 6106648?
False
Is 10 a factor of 250804090?
True
Does 3926 divide 204386196?
False
Is 31 a factor of 745829?
True
Is 5 a factor of 4253770?
True
Is 36 a factor of 44585267?
False
Is 617170244 a multiple of 17?
True
Does 1461 divide 420058832?
False
Does 7 divide 127995497?
True
Does 8 divide 48997054?
False
Is 74 a factor of 991593605?
False
Is 12829 a factor of 2448885782?
False
Is 201 a factor of 1528703490?
True
Is 21 a factor of 254895417?
True
Does 6 divide 328596772?
False
Is 22501240 a multiple of 785?
True
Does 298 divide 123358785?
False
Does 2473 divide 653289937?
True
Is 290 a factor of 41856570?
True
Does 11 divide 491834101?
True
Is 285067210 a multiple of 430?
True
Does 15 divide 21610485?
True
Does 127 divide 33415404?
False
Is 1008320184 a multiple of 102?
True
Is 1382260 a multiple of 260?
False
Does 49 divide 578138848?
True
Is 4 a factor of 378621680?
True
Does 6 divide 39066162?
True
Does 115 divide 3203778159?
False
Is 127 a factor of 2826065208?
False
Does 3466 divide 459745628?
False
Is 634030338 a multiple of 48?
False
Does 27 divide 27635229?
True
Does 15 divide 73725671?
False
Is 64 a factor of 12667030?
False
Is 46 a factor of 227627550?
True
Is 372265421 a multiple of 155?
False
Is 72 a factor of 59005080?
True
Is 567678892 a multiple of 374?
True
Is 12285595 a multiple of 3?
False
Does 63 divide 6131853?
True
Does 666 divide 477354168?
True
Is 18321464 a multiple of 371?
True
Does 2443 divide 270852967?
True
Is 2185488583 a multiple of 71?
False
Is 205 a factor of 2063845085?
True
Does 14 divide 382707458?
True
Is 107061435 a multiple of 1635?
True
Does 15 divide 1124121330?
True
Is 7428773 a multiple of 436?
False
Does 652 divide 1092100?
True
Is 27 a factor of 502577055?
True
Is 526035987 a multiple of 25?
False
Is 678256936 a multiple of 14?
True
Is 2614137 even?
False
Is 81 a factor of 8778294?
True
Is 9190312 a multiple of 236?
True
Is 33 a factor of 137721111?
True
Is 28988534 a multiple of 12?
False
Is 23743693 a multiple of 931?
False
Does 53 divide 681593568?
True
Is 23705147 a multiple of 221?
False
Does 2077 divide 161938196?
False
Does 114 divide 10113852?
True
Does 243 divide 45378063?
True
Is 73106855 a multiple of 47?
True
Does 3 divide 2140382?
False
Is 3 a factor of 7276479?
True
Does 39 divide 76735652?
False
Is 11115731 a multiple of 32?
False
Does 79 divide 625191212?
False
Is 413 a factor of 359797749?
False
Does 608 divide 21732099?
False
Is 128 a factor of 201235200?
True
Is 6332 a factor of 739672580?
True
Is 187 a factor of 204152176?
False
Is 502475337 a multiple of 39?
True
Does 575 divide 599517203?
False
Does 12 divide 51640272?
True
Does 147 divide 63210441?
True
Is 31 a factor of 12277054?
True
Is 17 a factor of 89087320?
False
Is 39 a factor of 188657508?
True
Is 49913647 a multiple of 26?
False
Is 1108407243 a multiple of 6022?
False
Is 1949 a factor of 40908204?
False
Is 3785568 a multiple of 6?
True
Is 124395124 a multiple of 3245?
False
Is 34 a factor of 251689658?
True
Is 33952578 a multiple of 36?
False
Does 56 divide 158423608?
True
Is 1927601231 a multiple of 14?
False
Is 311408825 a multiple of 270?
False
Is 286 a factor of 175383881?
False
Does 21 divide 13595473?
False
Does 868 divide 10020200?
False
Does 8 divide 19652968?
True
Does 31 divide 1123683350?
True
Does 827 divide 198348507?
True
Is 19583449 a multiple of 22?
False
Does 20 divide 7790960?
True
Is 2421237618 a multiple of 9?
True
Does 1256 divide 221352416?
True
Is 2818929804 a multiple of 3589?
True
Is 27 a factor of 50453982?
True
Is 658135071 a multiple of 17?
False
Is 108 a factor of 84719782?
False
Is 1306660632 a multiple of 24?
True
Is 2924849 a multiple of 8?
False
Is 25 a factor of 125716225?
True
Is 28226121 a multiple of 33?
True
Is 29235680 a multiple of 590?
True
Does 41 divide 1255597858?
True
Does 1040 divide 122357040?
True
Does 3226 divide 611656052?
True
Does 2020 divide 497119980?
True
Is 36 a factor of 800805060?
True
Does 2108 divide 365649464?
True
Is 472227840 a multiple of 315?
True
Is 7 a factor of 148716916?
False
Is 225 a factor of 659760647?
False
Does 826 divide 26161898?
True
Is 3813 a factor of 60771594?
True
Does 15 divide 133197209?
False
Does 209 divide 614059556?
True
Is 198584640 a multiple of 1696?
True
Is 113491062 a multiple of 666?
True
Is 740153196 a multiple of 58?
True
Is 97866720 a multiple of 1022?
True
Is 25184850 a multiple of 24?
False
Is 33 a factor of 1072173220?
False
Is 3311945 a multiple of 134?
False
Does 38 divide 383297792?
True
Is 20392554 a multiple of 39?
True
Is 975 a factor of 108855959?
False
Does 14 divide 141656970?
True
Is 590834845 a multiple of 4275?
False
Does 8127 divide 1763924715?
True
Is 80 a factor of 4724764?
False
Is 189 a factor of 160695927?
True
Is 79 a factor of 189963187?
False
Is 101 a factor of 7852791?
False
Is 3 a factor of 63069970?
False
Does 87 divide 37539630?
True
Is 3102 a factor of 553989282?
True
Is 127396954 a multiple of 529?
True
Does 381 divide 316010869?
False
Does 92 divide 74765180?
True
Does 11 divide 366310517?
False
Does 12 divide 928260464?
False
Does 8 divide 3102340489?
False
Is 86549335 a multiple of 3?
False
Is 191056441 a multiple of 599?
True
Is 29261539 a multiple of 834?
False
Is 25 a factor of 128537000?
True
Is 196845142 a multiple of 86?
True
Is 18000979 a multiple of 7?
False
Is 80 a factor of 41909920?
True
Does 783 divide 123186258?
True
Does 533 divide 39155246?
True
Does 105 divide 23193965?
False
Does 699 divide 288427313?
False
Is 726 a factor of 3179645115?
False
Is 300 a factor of 49225500?
True
Does 2698 divide 30784180?
True
Is 1342 a factor of 126053977?
False
Is 1885 a factor of 327594150?
True
Does 30 divide 48232988?
False
Is 3564 a factor of 4628042547?
False
Is 1617 a factor of 312635631?
True
Is 89 a factor of 4839919?
False
Does 204 divide 2125800972?
True
Is 13 a factor of 29999832?
False
Is 32 a factor of 19897787?
False
Is 82208256 a multiple of 1664?
True
Does 711 divide 768591711?
True
Is 1061595508 a multiple of 8823?
False
Does 532 divide 112578984?
False
Is 2160 a factor of 257777123?
False
Is 23245897 a multiple of 9?
False
Is 323318497 a multiple of 526?
False
Is 21 a factor of 11771583?
False
Is 1236 a factor of 1341267648?
True
Is 77 a factor of 268364866?
True
Is 3311 a factor of 10595891?
False
Does 376 divide 19934768?
True
Does 43 divide 375677153?
False
Is 768 a factor of 386374321?
False
Is 968312366 a multiple of 3359?
True
Is 1190 a factor of 4659681242?
False
Does 78 divide 220761328?
False
Is 883 a factor of 28828184?
True
Does 2822 divide 1396890?
True
Is 12 a factor of 32851884?
True
Is 149157766 a multiple of 68?
False
Is 30765852 a multiple of 3?
True
Does 35 divide 25618457?
False
Does 762 divide 2213308248?
True
Is 12 a factor of 28818816?
True
Is 317 a factor of 69080023?
False
Is 1867027390 a multiple of 2341?
False
Is 2862768 even?
True
Is 4579527 a multiple of 4?
False
Is 24848050 a multiple of 25?
True
Does 718 divide 198964980?
True
Does 7 divide 36534239?
True
Is 81405186 a multiple of 3?
True
Is 29 a factor of 432517700?
False
Does 4 divide 324931737?
False
Is 177233956 a multiple of 37?
False
Is 1788077 a multiple of 17?
True
Is 5994064 a multiple of 136?
True
Does 1821 divide 344841632?
False
Is 1177 a factor of 1157997335?
True
Does 313 divide 1671692?
False
Does 